tors of p.
2, 5
Let q(v) = v + 8. Let h be q(-6). Suppose 0 = -5*l + 3*j + 95, 2*l - 17 = -j - h*j. What are the prime factors of l?
2
Suppose 3536 = 20*k - 16*k. What are the prime factors of k?
2, 13, 17
Let d(y) = -6*y**3 - 2*y**2 + y + 2. Let m be d(-2). List the prime factors of (-24)/m + (-1093)/(-5).
2, 109
Suppose 1078*f - 1484 = 1071*f. List the prime factors of f.
2, 53
Let k(l) = -44*l + 1. Let c be k(-6). Suppose 0 = -3*b + 15, 3*h - b - c = -2*h. List the prime factors of h.
2, 3
Let f be 3 + (6/9)/2*3. Suppose -432 = -4*y + 3*p, f*p + 1 + 15 = 0. List the prime factors of y.
3, 5, 7
Let h(k) = k**2 + 19*k - 296. What are the prime factors of h(-46)?
2, 11, 43
List the prime factors of 6/(-21) - (-954240)/392.
2, 1217
Let h be (374/4 - 0)/((-1)/2). Let a = -102 - h. List the prime factors of a.
5, 17
Suppose 0 = 3*d - 9 - 63. Suppose -d = y + y. Let j = y + 30. List the prime factors of j.
2, 3
Suppose -10*j = 4*w - 8*j - 1764, 4*j + 459 = w. What are the prime factors of w?
443
Suppose -5*f = -2*m - 154, f = -3*f - 8. Let o = m + 118. What are the prime factors of o?
2, 3
Suppose c = -2*l + 36 - 10, 4*l - 4*c = 64. Let f be (-7)/l + 5/2. Suppose -134 = -f*s - 0*d - 2*d, -s = -d - 61. What are the prime factors of s?
2
Let h(q) be the second derivative of q**3 - 31*q**2/2 - 8*q. Suppose 0 = -p + 5 + 8. What are the prime factors of h(p)?
47
Suppose o - 2 = r, 0 = o - 2*r - 9 + 2. Let d be 1 + o + 69/3. What are the prime factors of 1/((-9)/d)*-24?
2, 7
Let t(b) = 783*b**3 - 2*b**2 + b + 1. List the prime factors of t(1).
3, 29
Let q(z) = z**3 - 9*z**2 + 16*z - 10. Let u be q(7). Suppose u*d - 288 - 148 = 0. What are the prime factors of d?
109
Suppose 2*y - y = 11. Let k(t) = 57*t - 12 - 3 - 18*t - 2*t**2 - 12*t. What are the prime factors of k(y)?
2, 5
Let i = 1731 + -457. What are the prime factors of i?
2, 7, 13
Let v = -294 - -540. Suppose -4*s + 166 = -5*y - 23, 5*s - v = 3*y. Suppose -c + 5 + s = 2*d, -c - 56 = -2*d. What are the prime factors of d?
2, 7
Let v(b) = b**2 + 8*b + 16. Let q be v(-6). List the prime factors of 41 + 0 + q + -1.
2, 11
Let c(r) = 52*r**2 - r. What are the prime factors of c(-6)?
2, 3, 313
Suppose -3*x - 6*u = -5*u - 543, -2*x + 3*u = -351. What are the prime factors of x?
2, 3, 5
Suppose 5*z = -4*y + 7165, -4*y + 12108 = 3*z + 4937. List the prime factors of y.
5, 359
Let a be (1/1 - -82)/(-1). Let n = -50 - a. Suppose n = p - 5. What are the prime factors of p?
2, 19
Suppose 108*q - 14127 = 91*q. List the prime factors of q.
3, 277
Let f be (-441)/(-54) + (-1)/6. Suppose -4*c - f = -4*z, -z = z + 2*c - 12. Suppose 22 = v - 3*p, 0*v = -v - z*p - 6. What are the prime factors of v?
2, 5
Let x(g) = 389*g + 155. List the prime factors of x(5).
2, 3, 5, 7
Let u = 332 - -1309. What are the prime factors of u?
3, 547
Suppose -4 = -2*z + 4. Suppose -z*o = 19 - 155. List the prime factors of o.
2, 17
Suppose 2*g - 273 = -3*h, 4*h - 4*g = -7*g + 364. List the prime factors of h.
7, 13
Suppose h = 5*v - 8 + 60, 4*v + 36 = -2*h. Suppose -b - b - 4 = 0. What are the prime factors of ((-2)/(-1))/(b/v)?
2, 5
Let p = 2906 + -1502. List the prime factors of p.
2, 3, 13
Suppose 0 = -14*i + 18*i + 72. Let k = -12 - i. Suppose x + 35 = k*x. What are the prime factors of x?
7
What are the prime factors of 326/(2224/184 + -12)?
23, 163
Let u(c) be the first derivative of c**4/4 + 7*c**3/3 - c**2 + 10*c - 2. Let d be u(-7). Suppose -3*r = -0*r - d. What are the prime factors of r?
2
Suppose 11*y - y = 80. Suppose y*o + 55 = 263. List the prime factors of o.
2, 13
Let w = 7 + 15. Let k = w + -11. Suppose 9 + k = 2*a + 4*b, -a + 2*b + 26 = 0. What are the prime factors of a?
2, 3
Let f(k) = -161*k - 273. List the prime factors of f(-14).
7, 283
Suppose -5*b + 474 = -3*d, -10*b + 13*b = -4*d + 296. List the prime factors of b.
2, 3
Let f = -190 + 1644. What are the prime factors of f?
2, 727
Suppose -k - k = -5*k. Suppose 5*r - 95 = -3*a, a - 4*r - 20 - 40 = k. List the prime factors of a.
2, 5
Let l(v) = -606*v + 24. What are the prime factors of l(-2)?
2, 3, 103
Let w = -2062 + 3553. Suppose -5*k - 316 = -w. What are the prime factors of k?
5, 47
Let l = 6008 - 3475. What are the prime factors of l?
17, 149
Let m(i) = -3*i + 5. Let o be m(2). Let b(j) = -148*j - 2. Let a be b(o). Suppose 4*q - a = -5*x, 3*q + q - 164 = 4*x. What are the prime factors of q?
3, 13
Let k = -125 - -40. Let q = 14 - k. List the prime factors of q.
3, 11
Suppose -20 = 3*o - 32. Suppose -1300 - 268 = -o*h. Suppose 5*n - h = -102. What are the prime factors of n?
2, 29
Suppose 2*j + d = 47, -d = -5*j + 3*d + 137. Let i = 36 - j. List the prime factors of i.
11
Suppose j = -3*j + 200. Let x be (-725)/20 + (-2)/(-8). Let v = j + x. What are the prime factors of v?
2, 7
Let s(o) be the first derivative of -o**2 + 39*o + 14. List the prime factors of s(-9).
3, 19
Let b(d) = 494*d**2 + 4*d - 5. What are the prime factors of b(2)?
1979
Suppose 5*f = 3*f + 6. Suppose 0 = f*v - 211 - 32. What are the prime factors of v?
3
Let z be 8/48*9*(-484)/6. Let d = 69 - z. What are the prime factors of d?
2, 5, 19
Let m = 30 - 27. Suppose 3*w - 746 = -4*f, 3*f - 340 - 221 = -m*w. What are the prime factors of f?
5, 37
Suppose -4*f + 15332 = 3*k, -k - 11903 - 7281 = -5*f. List the prime factors of f.
2, 7, 137
Suppose -3*p = 8 - 23. Suppose p*q + 2*i = 1014, 181 = -5*q - i + 1193. What are the prime factors of q?
2, 101
Let h = -3750 - -5459. List the prime factors of h.
1709
Suppose -9*s = -841 - 77. Let y = 136 - s. List the prime factors of y.
2, 17
Let r(h) = 2*h**2 + 15*h**2 + 11*h**2. Suppose 7 = -3*k - 2*q + q, -13 = k + 3*q. List the prime factors of r(k).
2, 7
Let a be (1 - 1 - -5) + -3. Let v be -3*a/12*-22. Let m = -4 + v. What are the prime factors of m?
7
Let l be (28/(-175)*-5)/(2/(-10)). List the prime factors of 68 + (2 - 1) + (-1 - l).
2, 3
Let l be (-8)/52 + (-1)/((-39)/1839). Suppose 5*g - l = 4*g. List the prime factors of g.
47
Let o = -1073 - -1391. List the prime factors of o.
2, 3, 53
Suppose 0 = -2*c - 4, g + c + 2*c + 7 = 0. What are the prime factors of g/(-5) - 3128/(-85)?
37
Let a(u) = -10*u - 12. Let w be a(3). Let i = w + 53. List the prime factors of i.
11
Let c(d) = d**2 - 7*d - 16. Let v = -16 + 16. Suppose v*y + 22 = 2*y. What are the prime factors of c(y)?
2, 7
Let c(f) be the second derivative of -2*f**3 - 5*f**2/2 + 6*f. List the prime factors of c(-2).
19
Suppose 284 = c + 3*c + 5*r, -5*r + 56 = c. Suppose -16 = 3*t - c. What are the prime factors of t?
2, 5
Suppose y + 5*w - 6 = 0, -w = -5*y + w + 84. Suppose 19*r = 17*r + y. List the prime factors of r.
2
Let t be 3*(4 + 9/(-3)). Let w be (8 - 1) + t/(-1). Let u(s) = 7*s - 8. List the prime factors of u(w).
2, 5
Let u = -125 - -54. Let c(a) = -11*a + 35. Let b be c(-6). Let y = b + u. List the prime factors of y.
2, 3, 5
Let m(y) = 3*y**2 - 7*y - 2. Let q(b) be the first derivative of 7*b**3/3 - 7*b**2 - 4*b + 3. Let u(w) = -5*m(w) + 2*q(w). What are the prime factors of u(4)?
2, 7
Let r = 409 - 217. Suppose 42*x = 44*x - r. What are the prime factors of x?
2, 3
Suppose -w + 209 = 3*v - 0*w, 359 = 5*v - w. What are the prime factors of v?
71
Let c = -18 + 18. Suppose 4*g + g - 250 = c. What are the prime factors of g?
2, 5
Let p = 29 + -25. Suppose -6*m = -p*m - 58. List the prime factors of m.
29
Let x(d) = 21*d - 4. Let a(t) = 22*t - 5. Let y(j) = -3*a(j) + 4*x(j). Let l be y(1). Let v = 56 - l. What are the prime factors of v?
3, 13
Let h(j) = -2*j - 16. Let m be h(-2). Let r(v) = -5*v - 31. List the prime factors of r(m).
29
Let r be 0 + (3 - 1) + -1. Let o be 3*1*(r - -4). List the prime factors of -3*6/9 + o.
13
Let v(g) = 7*g + 2 - 72 - 8 + 3*g. List the prime factors of v(16).
2, 41
Let j = 7 + -3. Let q(a) = -7*a**2 + 4*a + 8. Let b(i) = 8*i**2 - 4*i - 9. Let n(o) = 6*b(o) + 7*q(o). What are the prime factors of n(j)?
2
Suppose -s + 3*x = -300 - 430, 4*x + 735 = s. List the prime factors of s.
5, 11, 13
What are the prime factors of 1712 + -5 - 27/3?
2, 3, 283
Let r = 732 + 264. List the prime factors of r.
2, 3, 83
Let v(q) = -q**3 - q**2 + 4*q + 146. Let s(m) = m**2 - m + 1. Let o(p) = 2*s(p) + v(p). List the prime factors of o(0).
2, 37
Let o = 33 + 407. Wh